
Evaluate -148 + 147 + -2 + 4 + -18 - 0.
-17
Evaluate (-7 - -29 - 26) + -9.
-13
What is the value of (-3 - 1) + 33 + 5 + -23?
11
Calculate 7 + -1 + (75 - 82).
-1
Evaluate 1 + 8 - ((-8 - -19) + -21 + 15).
4
Evaluate -16 - (-79 + 61 - (1 + -12)).
-9
10 - (-5 + 14 - 5) - (-1 + 0)
7
What is the value of -21 - -43 - (-2 - -41)?
-17
What is the value of 36 - ((12 - -9 - 29) + 17 + -1)?
28
Calculate -16 - (13 - (0 - -7) - 38).
16
Evaluate 11 - (8 - (-7 + 14 + -2)).
8
Evaluate -12 - (-7 + (36 - 5 - (-5 + 17))).
-24
Evaluate 7 + (-5 - (3 + -10)) + -14 + 9.
4
What is the value of 2 + 11 - 7 - (0 + 2)?
4
What is the value of 24 - (38 + 7) - (1 + -11)?
-11
(-296 - -303) + -2 + -6
-1
Calculate 2 + -2 + ((-7 - -14) + -5 - 6).
-4
What is -9 + -19 + -1 + 8 + 8?
-13
What is 18 - (-10 + 11 + -3)?
20
Evaluate -392 + 403 - (18 + 0).
-7
-735 + 796 - (1 + 33)
27
What is 0 + -12 + 0 + -2 + 3 + 5?
-6
What is the value of 25 + -29 + 3 + 21?
20
What is 1 + 1 + 5 + 164 + -192?
-21
What is 2 + 7 - (-40 + 17 + 18 - 11)?
25
Calculate 0 + -13 - -5 - 7 - (-1 + 3).
-17
What is the value of 6 - ((-5 - -1) + (19 - (14 + 11)))?
16
What is 14 + -14 + (-6 + 0 - 0) - -1?
-5
Calculate (3 - 12) + (-27 - -32) + -11.
-15
-4 - (14 + -11 - 10)
3
Evaluate (-5 - -8) + (-9 - -10) + -9 - -35.
30
Calculate 20 + (-14 - (14 + 3)).
-11
Calculate -1 + -6 - (-24 + 34 + -24).
7
Evaluate -40 + 35 + (-16 + -3 - 0) + -2.
-26
Calculate -24 - (-13 + (-15 - -14)).
-10
What is the value of 0 - -11 - (28 + (28 - 59))?
14
What is the value of (24 - 11) + -21 - 5?
-13
Calculate 6 - (-10 + 2 + (100 - 97)).
11
Evaluate 0 + 1 + (7 + -7 - (1 + -2)).
2
What is the value of (-1 - -5) + -5 + -8 + 8 + -5?
-6
Calculate (46 - 28 - 18) + 2 + -11.
-9
What is the value of -10 - (4 + 4 + -8 + 1)?
-11
Calculate 24 + 0 - ((72 - 77) + (-1 - -5)).
25
What is 17 + 7 + -44 + 8?
-12
-7 - (-12 + 13 + -29)
21
Evaluate -39 + 54 + (-9 - -7 - -5).
18
Evaluate 3 - (-2 - (-2 - (14 + -7))).
-4
What is the value of 18 + (-12 - -12) - -6?
24
What is -17 + 3 + (8 - 3) + -12?
-21
Calculate -10 - (1 - (-12 + 7 + -1)).
-17
(-9 - (-50 - -24)) + -28
-11
What is -14 - (-31 - -7) - -12?
22
Calculate 33 + 0 + -21 - 2.
10
What is the value of -3 + -38 + (12 - -7) - -10?
-12
Evaluate 34 + -61 + 17 + -19.
-29
What is the value of 2 - 2 - (-44 - (-71 - -32))?
5
Calculate 7 + (8 - 2 - 4) - 9 - -8.
8
Calculate 19 + -2 - ((-20 - -5) + 23).
9
What is the value of (-62 - -61) + 6 + -4?
1
Calculate -6 - (28 + -6 + -27 + -6 + 1).
4
-3 - (23 + -21 + 11 - (5 - 5))
-16
27 + (-56 + 30 - -11)
12
Evaluate -4 + 1 + (7 - 0 - 11) - 6.
-13
What is 7 + (15 - 22) - 9?
-9
What is the value of 206 + -214 + 0 + 1 - -26?
19
6 + (-12 + -8 - -9)
-5
Calculate -130 - -149 - (0 - 16).
35
-10 - (-42 - 1 - (30 + -15 + -20))
28
What is -9 - (17 + -32) - 13?
-7
Calculate -7 + 15 + -10 + -2.
-4
What is -10 + 8 + 9 + -9 + -2?
-4
What is the value of -26 - (-4 + -18 - -8)?
-12
What is the value of 7 + (11 - -17) + -27 + (-1 - 16)?
-9
What is (1 - 1) + (-14 - (16 - 14))?
-16
What is 3 + -1 - (2456 + -2463)?
9
-9 - -6 - 4 - (-22 + 32)
-17
What is 7 + (2 - (-5 + (2 - (-4 - -6))))?
14
15 + -2 + -51 - (-2 - 13)
-23
What is (37 - 36) + -3 + 7 + -2?
3
Evaluate 0 - (7 + 24 + -18).
-13
Evaluate 11 - (-24 + (42 - 24)).
17
(-3 - (-1 + (-15 - 2) + 8)) + 15
22
17 + (18 - 64) + 18
-11
Calculate 0 + 11 + -51 + 45.
5
What is 10 + (-5 - (17 - 13))?
1
Calculate -8 + 3 + 7 + 57 + -68.
-9
What is the value of 10 - (25 + -13 + -14 - (0 + -1))?
11
What is the value of -78 + 77 + (0 - -2)?
1
What is (-3 - -4) + 7 + 1 + -5 + 10?
14
Calculate 8 + (-16 - -11) + 5 + 1.
9
0 - 8 - (-21 + -3 + 14)
2
Evaluate (82 - -31 - 116) + (-20 - (0 - 0)).
-23
(-6 - 10) + (-18 - (6 - 17))
-23
What is the value of (-3 - -16) + -8 + 1 - 14?
-8
Evaluate 13 + -2 + -20 + (3 - 0).
-6
-2 - -14 - 6 - 12
-6
Calculate -1 + 26 - ((-1094 - -1086) + -1 + 3).
31
What is 7 - (-33 + 1 + 31)?
8
What is -2 + 1 - (-2 + 0) - (-2253 - -2264)?
-10
-24 + 33 - (-6 + 6 + 3)
6
What is the value of -852 + 850 - (1 - 14)?
11
(-26 + 3 + 2 - 4) + (11 - 12)
-26
(-3 - (1 + -1 - 2)) + (-65 - -59)
-7
Calculate 26 + -59 + (-12 - -41).
-4
-19 + 0 + -27 + 25
-21
Calculate (-26 - (-10 - -3)) + 13.
-6
Calculate (-13 - (-12 + 9 + -1)) + 12.
3
Calculate -75 - -88 - (-2 + 0 - (-4 + 3)).
14
Calculate 76 + -27 + -26 - 41.
-18
What is the value of 4 + 0 + -26 - (-76 + 56)?
-2
Calculate 737 + -735 - (1 + -2 - -2).
1
Calculate -55 + -82 + 123 + 2 + -1.
-13
0 - (0 + 6 - (-3 + 22 + -4))
9
What is (-2 - -8) + 9 + (3 - 4)?
14
Evaluate 6 - (2 + (4 - 4)).
4
What is the value of -11 - (-1 + -1 - -2) - (254 + -258)?
-7
-20 - (9 - (0 + (3 + -11 - -23)))
-14
Evaluate 4 + -12 - (-22 + 2 + -2).
14
Calculate 5 - (9 - (9 - (-7 + -3))).
15
What is 1 - -16 - -3 - (14 - (-8 + 15))?
13
-20 - (-15 + -10 - -25)
-20
Evaluate (-5 - -25) + -1 + (-47 - -45).
17
What is the value of 13 + -13 + (-11 - -9) - (15 + -2)?
-15
What is the value of 10 - -6 - (23 - 9)?
2
Calculate 6 + 13 + -16 - (-5 + -2 + 2).
8
24 + -10 + 23 + -24
13
-6 - (0 + -8) - 7
-5
What is the value of (1 - -2) + (24 - 31) - -5?
1
Evaluate -2 - ((1 - 29) + -37 + 45).
18
Evaluate 6 + (-1 - 6) + 7 + -5.
1
What is 23 + -13 - (-21 + 0)?
31
Evaluate ((18 - 22) + 8 - 12) + 36 + -1.
27
What is the value of -1 - (-5 + -7 + 10 + 7)?
-6
Evaluate -1 + 1 - (-7 + 13 + 1).
-7
Calculate 4 + -34 + (14 - -8) - (3 + -1).
-10
What is -39 + 1 + 9 + 8 + (1 - 9)?
-29
Calculate -11 - -24 - (0 - (-5 + -3)).
5
Calculate 0 + 1 + 0 - (-3106 + 3106).
1
Evaluate -59 + 52 - ((-1 - -1) + 1 + 2).
-10
Evaluate -33 + 11 - -30 - 11.
-3
(-8 + 13 + 1 - 2) + 4 + -1
7
What is the value of (-4 - -11) + 0 - (9 - 13)?
11
What is the value of 1 - (2 + -4) - (-404 + 404)?
3
What is the value of -9 - 0 - (-64 + 64) - -3 - -16?
10
Evaluate (-2 + -8 - (-166 - -164)) + (4 - 0).
-4
Evaluate 4 + -15 + 33 + 0 + 1.
23
What is 3 - (22 - 19 - -8)?
-8
What is -6 + (2 - (0 - -1)) + (69 - 70)?
-6
Calculate 33 + -25 - (16 - 4).
-4
(-37 - -19) + 11 - (-4 + 0 + 1)
-4
-13 + 34 + -18 + -2
1
-16 - (8 - (36 - 14))
-2
(-4 - 2) + 12 - -4
10
Calculate ((-6 - -24) + -2 - 17) + -1 + -18.
-20
What is the value of -4 + 6 - (2 + 4 + -1)?
-3
What is the value of 4 - (-7 + 19 + -8 + 0)?
0
10 + -55 - -9 - (-2 - (4 - -1))
-29
Evaluate 13 + -7 + (-6 - 2).
-2
What is the value of 9 + -5 - (37 + 12 + -30)?
-15
Calculate ((3 - -3) + -7 - -9) + -11.
-3
Calculate -2 - ((-10 - -4) + 1 + 3 + 5).
-5
(-1 - -13) + 0 - 0 - -12
24
What is the value of -5 + 0 + -11 - 1?
-17
What is (8 - 39) + 17 + 11?
-3
Evaluate (1 - (4 + -1)) + -1 - (377 + -393).
13
12 - (-19 + 22 + (13 - 2))
-2
What is the value of -12 + 46 + (0 - 23)?
11
(13 - (14 - -2)) + -5 + -3
-11
What is -1 + -3 + 2 - ((15 - 53) + 21)?
15
Evaluate 34 + (-28 - (11 + 12)).
-17
Evaluate -2 + 14 + (83 - 78) + 0 + 7.
24
Evaluate (90 - 78) + 2 + -24.
-10
Evaluate 12 + (3 - 14) + 7 + 7.
15
(-42 - -13) + (18 - (22 - 5))
-28
Evaluate (-3 - 1) + (7 - 3) - 3.
-3
Evaluate (4 - -4) + 9 + (-43 - 0) + 2.
-24
Calculate 1515 + -1504 + (-2 - 19).
-10
Calculate -17 + (6 - -2 - (-4 + 3)).
-8
Calculate (-13 - (-15 - (-19 + 5))) + 19.
7
Calculate 0 - (-10 - -5) - (2 - 11 - -13).
1
9 - ((13 - 9) + (-3 - (-12 - -10)))
6
Evaluate -12 + (-10 + 12 - 0) - -8.
-2
What is (-8 - -19) + 0 - (6 + -14)?
19
What is the value of -575 + 557 - (3 + -1 + 1)?
-21
What is the value of -8 + (-5 - -37) + 4?
28
20 + 2 - (25 + -7)
4
-1 + -14 + (-3 - -26)
8
Evaluate (-41 - -23) + (6 - -10).
-2
What is the value of -2 - 1 - (13 - (-16 - (-37 + 6)))?
-1
What is the value of 6 + -1 + (-6 - -9 - 10) + 1?
-1
(1 - (36 + -31)) + -4 + 2
-6
What is (-16 + 34 - 16 - -17) + -18?
1
What is the value of 55 - 76 - (4 - 18)?
-7
What is -31 + (-67 - -109) - ((-1 - -1) + -9)?
20
Evaluate 229 + -230 + -21 + 0.
-22
What is the value of (6 + -9 - 9) + -3 + -4 + 9?
-10
What is (-9 - -10 - (6 - 0 - -2)) + 12?
5
Calculate -23 - -16 - (3 - (-3 - -1) - -1).
-13
(-6 - (-23 + -3 + 1)) + -7
12
What is -22 - ((6 - (3 + 23)) + 14)?
-16
What is -41 + 53 + (-3 - 1)?
8
Evaluate (-4 - -4) + (1 - 3) + (37 - 39).
-4
Evaluate (-16 - (-16 + 2)) + -3.
-5
17 + -23 + 19 + 1
14
Evaluate (-3 + 15 - (-18 + 22)) + 2.
10
12 - (1 + -1 - (-54 - -45) - -13)
-10
Evaluate (-11 + 6 - -2) + -4 + 14 - 4.
3
What is the value of 20 - (19 - (1 - -9))?
11
Eva